62. What is the hundreds digit of u?
9
Suppose -6*z + 891 = -9*z. Suppose d + 5*o - 2*o + 117 = 0, 3*d + 318 = 2*o. Let g = d - z. What is the tens digit of g?
8
Suppose -4*d - 47 + 59 = 0, 0 = -2*h + 2*d + 97558. What is the ten thousands digit of h?
4
Let h be -68*(-152)/8*-2. Let k = -1511 - h. What is the tens digit of k?
7
Let m = -2484 + 894. Let a = 2333 + m. What is the tens digit of a?
4
Let o(p) = 1659*p + 1733. What is the tens digit of o(10)?
2
Suppose 2*u + 3*l = l - 32, 4*l + 9 = u. What is the units digit of (-37515)/(-75) - (u/(-5) + -2)?
0
Let o(z) = -z**3 - z**2 + 3*z + 2. Let v be o(-2). Let h(m) = -m**2 + m + 182. Let i be h(v). Let u = i - 40. What is the units digit of u?
2
What is the units digit of 78803 - (0/1)/(-33 + 18 - -16)?
3
What is the tens digit of 5 + (-414)/(-4)*(-880)/(-30)?
4
Let h(k) = -2201*k - 9584. What is the hundreds digit of h(-14)?
2
Suppose -26127 = 49*u - 50*u - 5*y, -3*y - 653431 = -25*u. What is the ten thousands digit of u?
2
Suppose 10*f - 1232 = 4478. What is the hundreds digit of (-1)/(5/40) + f?
5
Let v = 612 - -974. What is the units digit of v?
6
Let i(g) = -g + 70 - 20 - 7*g**2 + 2*g**3 - 32 - 3*g**3 - 2*g**2. Suppose 0*c + c + 9 = 0. What is the tens digit of i(c)?
2
What is the tens digit of 540/8*((-672)/(-35))/((-1)/(-5))?
8
Suppose 5*t = -3*u + 2*u + 4951, 4*t + u = 3961. Let j = t - 588. What is the hundreds digit of j?
4
Let m(y) = -2*y**3 - 6*y. Let t(h) = -5*h**3 - 11*h**2 - 22*h + 23. Let z(v) = 3*m(v) - t(v). Suppose i - 4 - 6 = 0. What is the hundreds digit of z(i)?
1
What is the hundreds digit of -72746*(2/4 + 4 + -5)?
3
Let u be (-2)/(-10) + (4 - 30/25). Suppose u*f + 3*o = 760 + 233, -3*f + 989 = o. What is the hundreds digit of f?
3
Let k be ((-31830)/(-9))/((-14)/(-21)). Suppose 21*l - k = 24473. What is the thousands digit of l?
1
Suppose 0 = 3*f - 7*f + q + 398, 95 = f + 2*q. Suppose f*s - 95*s = 1748. What is the hundreds digit of s?
4
Let g(t) = t + 1. Let u = 10 + -8. Let r be g(u). Suppose 0 = -r*d + 191 + 367. What is the hundreds digit of d?
1
Let j(r) = -2*r - 11. Let d be j(-4). Let f be -16*(d/2)/(-3). Let k(b) = b + 40. What is the units digit of k(f)?
2
Let y = -290 - -294. Suppose 0 = y*d + d - 3980. What is the units digit of d?
6
What is the tens digit of 5*(-1722)/(-35)*11/((-99)/(-384))?
9
Let w = -232 - -233. Let o(f) = 248*f**2 + 7*f - 4. What is the units digit of o(w)?
1
Let s be ((-10)/4)/((-8)/80). Let y be ((-22)/33)/(-1 - 376/(-378)). Let d = y - s. What is the hundreds digit of d?
1
Suppose 5*z + 2*d = 3959, 0 = -3*z - 3*d + 819 + 1551. Let t = z + -99. What is the units digit of t?
4
Suppose 0 = -3*r + 4*i - 10, 2*r + 20 = 6*r + 3*i. Suppose r*w - q - 2289 = 0, 4*w = -3*q + 2*q + 4587. What is the hundreds digit of w?
1
Let o be 12 - 1/((-18)/(-4) - 4). Suppose -3118 = o*a - 17178. What is the tens digit of a?
0
Let i(z) = -92*z - 19. Suppose 0 = 5*s - 0 + 20. What is the units digit of i(s)?
9
Let f = 65994 - 37596. What is the hundreds digit of f?
3
Suppose 2*u - 23*v + 25*v = -40, 0 = -5*u + 3*v - 100. What is the units digit of 1174 - 4*35/u?
1
Suppose -4*o + 2*f = -62366, 5*o + 57*f - 59*f - 77954 = 0. What is the ten thousands digit of o?
1
Suppose -15*s = -5*s - 20. Suppose -3*j - 3*h + 4 = h, 0 = -s*j + 4*h + 16. Suppose -257 = -j*z + 783. What is the hundreds digit of z?
2
Suppose 4857 = 44*p - 41*p + n, 5*n = 0. Suppose 0 = 3*u - 2314 - p. What is the hundreds digit of u?
3
Suppose 6*g - 193 - 3953 = 0. Let i = 1632 - g. What is the tens digit of i?
4
Suppose 3*m + 40 = 5*f, -4*m = -3*f + 11 + 24. Suppose 5*x = 4*d - d + 2123, -2*x - f*d = -843. What is the units digit of x?
4
Suppose -2884 = 2*r + 2*c, -9*r = -10*r - 4*c - 1442. Let d = r - -2270. What is the hundreds digit of d?
8
Let o(u) = 21*u**2 - u**3 - 12*u**2 - 3 - 3 - 8*u. Let d be o(8). What is the units digit of (-28)/3*d/4?
4
Let f(j) = 2*j - 7*j + 5 + 5*j + j. Let v be f(-3). Suppose s - 5*s = 3*d - 150, v*d - 5*s - 123 = 0. What is the units digit of d?
4
What is the hundreds digit of 133173/33 + 2 + 42/(-77)?
0
Let y(l) = 41*l + 3*l + 3*l + 17*l - 18 + 5. Suppose 0 = -o - o + 4. What is the hundreds digit of y(o)?
1
Let o be 12/18 + (-10)/(-3). Suppose k + 3 - o = 0. Let d(x) = 83*x**3 + 3*x - 3. What is the tens digit of d(k)?
8
Suppose 2*h - 452 = -0*h. Suppose -h = -4*n + 2*f, n - 3*f = -4*f + 49. Suppose n*x - 8 = 53*x. What is the units digit of x?
8
Let g = 201 - 198. Let l(q) = 65*q**2 - 7*q + 19. What is the tens digit of l(g)?
8
Let r(z) = 128*z**2 + 10*z - 1. Let m be r(-2). Suppose 199 + m = 5*p. What is the tens digit of p?
3
Suppose 8*w = 4*w - 16, 3*f - 5*w = 20. Suppose r - 5*c - 152 = f, 7*r - 294 = 5*r + 5*c. What is the tens digit of r?
4
Let w = 588 - 572. Suppose -w*x + 9340 = -6*x. What is the tens digit of x?
3
What is the hundreds digit of 396504/114 + 1 + 84/(-76)?
4
Let w = 22174 - -6058. What is the tens digit of w?
3
Let u(d) = 2*d**2 - 15*d - 10. Let x(c) = -13*c - 31. Let t be x(-4). What is the tens digit of u(t)?
5
Suppose 2*r = 3*z + 532, 3*r - z = -6*z + 836. Suppose r*u = 271*u + 15. What is the units digit of u?
5
What is the tens digit of ((-17472)/160 - (-2 - 3 - 0))*-5?
2
Suppose 3*g - 3*p = 0, -15 = -p - 2*p. Suppose g*y + j = 10*y - 1790, -j = 0. What is the tens digit of y?
5
Let f = -29568 - -40682. What is the ten thousands digit of f?
1
Let o(y) = -7*y + 9. Let w be o(-3). Let r be (28/(-8) - -3)*w. Let m = 10 - r. What is the tens digit of m?
2
Let d = 0 - 2. What is the units digit of 7 - (6 + -316 - d)?
5
Let b(n) = -3*n**3 - 8*n**2 + 38*n + 1. Let u(l) = -3*l**3 - 8*l**2 + 39*l + 1. Let i(g) = -6*b(g) + 5*u(g). What is the tens digit of i(5)?
0
Let p be (156/10)/3 + (-30)/150. Suppose -10*t + 5*t + 62 = -2*v, -4*v - 54 = -p*t. What is the units digit of (12/t)/((-17)/(-714))?
6
Suppose -2*w - 13920 = -2*o, 24*o = 29*o - 7*w - 34798. What is the tens digit of o?
6
Suppose -4*g - 1355 + 299 = 0. What is the hundreds digit of (66 + 2)*g/(-96)?
1
Let p = -1951 + 2828. Suppose -5*g = -p - 313. What is the hundreds digit of g?
2
What is the tens digit of -3 + (((-306141)/4)/11)/((-2)/8)?
2
Let a be 412/24 + 5/(-30). Let o = a - -8. Suppose o*v - 363 = 22*v. What is the units digit of v?
1
Let n = -3 + 1. Suppose -3*g - 777 = 5*x, -2*g - 7*x + 6*x - 525 = 0. What is the units digit of (-2)/(2/(-3)) + g/n?
5
Let v(k) = 27*k**2 + 4*k + 2. Let j be v(4). Suppose -6*p = -0*p - j. Suppose 4*y = 4*r + 336, y - 6*r + 2*r - p = 0. What is the tens digit of y?
8
Let g(r) = r**3 + 21*r**2 + r + 25. Let q be g(-21). Suppose -3*d + q*m = -15, -4*d - 2*m = d - 51. What is the hundreds digit of (45 - 0)*d/6*2?
1
Let z(x) = -x**3 + 25*x**2 + 33*x - 87. Let s be z(26). Suppose 342 = s*j - 92*j. What is the units digit of j?
4
Let a(w) = -w**3 - 14*w**2 - 16*w - 43. Let z be a(-13). What is the units digit of (z/(-10))/(2/2095)?
9
Let m(i) = 2*i**2 + 8*i + 12. Let k be m(-4). Let j be (-2)/k*4*36. Let o = -21 - j. What is the units digit of o?
3
Let g(y) = y**3 + 3*y**2 - 13*y - 7. Let x be (-1)/2 - (-27)/(-6). Let h be g(x). Let j(p) = 2*p**2 - 11*p + 18. What is the units digit of j(h)?
8
Let n be (-3)/(-18) + 95/6. Suppose 0 = -3*o - o + n. Suppose -12 = -o*v, 5*r + v - 47 = 2*v. What is the tens digit of r?
1
Let c(z) = 3*z**2 - 2*z - 36. Let o be c(-7). Let t be -2 + 3/(-2 - -5). Let v = o + t. What is the units digit of v?
4
Suppose -154909 + 18035 = -12*p + 25918. What is the ten thousands digit of p?
1
What is the thousands digit of (-2)/(-48)*3 + 4667865/120 + 0?
8
Let l(w) = -w**3 - 7*w**2 - 7*w - 3. Let k be l(-6). Suppose 0 = 5*s - 4*d - 3, -k*s + 8*s + d + 7 = 0. What is the units digit of (5 + -42)/(s/2)?
4
Let b(w) = 2*w**2 + 10*w + 9. Let m = -26 + 22. Let o be b(m). What is the tens digit of 5 + 13 - o*2?
1
Suppose 46*d = 50*d - 3824. Let z = d - 744. What is the tens digit of z?
1
Let t(a) = 73*a**3 - 9*a**2 + 2*a - 7. What is the tens digit of t(4)?
2
Let f = 88 + -94. What is the units digit of f/(18/(-501)) + 0?
7
Suppose 75*s - 16*s - 215704 = 0. What is the units digit of s?
6
Let l(g) = 33*g**3 - 24*g**2 + 204*g - 74. What is the ten thousands digit of l(10)?
3
Suppose -2*k + 4*m + 2422 = 0, -6127 = -5*k - 13*m + 11